{"id":440,"date":"2021-02-28T13:19:45","date_gmt":"2021-02-28T12:19:45","guid":{"rendered":"https:\/\/anasboxenstopp-zw.de\/?page_id=440"},"modified":"2021-03-02T12:47:02","modified_gmt":"2021-03-02T11:47:02","slug":"allgemeine-wartung","status":"publish","type":"page","link":"https:\/\/anasboxenstopp-zw.de\/?page_id=440","title":{"rendered":"WEITERE LEISTUNGEN"},"content":{"rendered":"<p>[et_pb_section fb_built=&#8220;1&#8243; admin_label=&#8220;Header&#8220; _builder_version=&#8220;4.9.0&#8243; _module_preset=&#8220;default&#8220; background_color=&#8220;#080b13&#8243; use_background_color_gradient=&#8220;on&#8220; background_color_gradient_start=&#8220;rgba(8,11,19,0)&#8220; background_color_gradient_end=&#8220;#080b13&#8243; background_color_gradient_overlays_image=&#8220;on&#8220; background_image=&#8220;https:\/\/anasboxenstopp-zw.de\/wp-content\/uploads\/2021\/02\/da110933ccc97954a2b7b287f944fadc-scaled.jpg&#8220; background_position=&#8220;top_center&#8220; width=&#8220;100%&#8220; custom_padding=&#8220;19vw||19vw||true|false&#8220; filter_brightness=&#8220;116%&#8220; filter_contrast=&#8220;126%&#8220; filter_invert=&#8220;1%&#8220; filter_sepia=&#8220;2%&#8220; locked=&#8220;off&#8220;][et_pb_row _builder_version=&#8220;4.5.1&#8243; _module_preset=&#8220;default&#8220;][et_pb_column type=&#8220;4_4&#8243; _builder_version=&#8220;4.5.1&#8243; _module_preset=&#8220;default&#8220;][et_pb_text _builder_version=&#8220;4.9.0&#8243; header_font=&#8220;Cairo|700|||||||&#8220; header_text_color=&#8220;#ffffff&#8220; header_font_size=&#8220;64px&#8220; header_line_height=&#8220;1.3em&#8220; header_2_font=&#8220;Khand|700||on|||||&#8220; header_2_text_color=&#8220;#960019&#8243; header_2_font_size=&#8220;33px&#8220; header_2_letter_spacing=&#8220;4px&#8220; header_2_line_height=&#8220;1.8em&#8220; text_orientation=&#8220;center&#8220; custom_margin=&#8220;||10px||false|false&#8220; custom_margin_tablet=&#8220;&#8220; custom_margin_phone=&#8220;||9px||false|false&#8220; custom_margin_last_edited=&#8220;on|desktop&#8220; header_font_size_tablet=&#8220;53px&#8220; header_font_size_phone=&#8220;33px&#8220; header_font_size_last_edited=&#8220;on|phone&#8220; header_2_font_size_tablet=&#8220;&#8220; header_2_font_size_phone=&#8220;24px&#8220; header_2_font_size_last_edited=&#8220;on|phone&#8220; border_width_all=&#8220;3px&#8220; border_color_all=&#8220;rgba(255,255,255,0.18)&#8220; border_width_right=&#8220;0px&#8220; border_width_left=&#8220;0px&#8220; locked=&#8220;off&#8220;]<\/p>\n<h1>WEITERE LEISTUNGEN<\/h1>\n<p>[\/et_pb_text][\/et_pb_column][\/et_pb_row][\/et_pb_section][et_pb_section fb_built=&#8220;1&#8243; custom_padding_last_edited=&#8220;on|phone&#8220; admin_label=&#8220;Section Title&#8220; _builder_version=&#8220;4.9.0&#8243; background_color=&#8220;#eaeaf1&#8243; use_background_color_gradient=&#8220;on&#8220; background_color_gradient_start=&#8220;#ffffff&#8220; background_color_gradient_end=&#8220;#ffffff&#8220; background_color_gradient_direction=&#8220;110deg&#8220; background_color_gradient_start_position=&#8220;86%&#8220; background_color_gradient_end_position=&#8220;0%&#8220; min_height=&#8220;203.6px&#8220; custom_padding=&#8220;||0px|||&#8220; custom_padding_tablet=&#8220;&#8220; custom_padding_phone=&#8220;11px||0px||false|false&#8220;][et_pb_row column_structure=&#8220;1_2,1_2&#8243; _builder_version=&#8220;4.9.0&#8243; min_height=&#8220;232.8px&#8220;][et_pb_column type=&#8220;1_2&#8243; _builder_version=&#8220;4.9.0&#8243; custom_padding=&#8220;|||&#8220; custom_padding__hover=&#8220;|||&#8220;][et_pb_text _builder_version=&#8220;4.9.0&#8243; _module_preset=&#8220;default&#8220; text_font=&#8220;Cairo|700|||||||&#8220; text_text_color=&#8220;#000000&#8243; text_font_size=&#8220;40px&#8220; custom_padding=&#8220;0px||0px||true|false&#8220; text_font_size_tablet=&#8220;&#8220; text_font_size_phone=&#8220;28px&#8220; text_font_size_last_edited=&#8220;on|phone&#8220;]<\/p>\n<p style=\"text-align: center;\">ALLGEMEINE WARTUNG<\/p>\n<p>&nbsp;<\/p>\n<p>[\/et_pb_text][et_pb_text _builder_version=&#8220;4.9.0&#8243; _module_preset=&#8220;default&#8220; text_font=&#8220;Khand|500|||||||&#8220; text_text_color=&#8220;#000000&#8243; text_font_size=&#8220;1px&#8220; text_line_height=&#8220;1em&#8220; header_font=&#8220;Khand|500|||||||&#8220; header_text_color=&#8220;#000000&#8243; header_font_size=&#8220;31px&#8220; text_orientation=&#8220;center&#8220; custom_margin=&#8220;7px||||false|false&#8220; header_font_size_tablet=&#8220;&#8220; header_font_size_phone=&#8220;21px&#8220; header_font_size_last_edited=&#8220;on|phone&#8220; text_text_shadow_style=&#8220;preset5&#8243;]<\/p>\n<h1 style=\"text-align: left;\">FOLGENDE REPARATUREN BIETEN WIR AN:<\/h1>\n<p>&nbsp;<\/p>\n<p>&nbsp;<\/p>\n<p>&nbsp;<\/p>\n<p>&nbsp;<\/p>\n<p>[\/et_pb_text][et_pb_text _builder_version=&#8220;4.9.0&#8243; _module_preset=&#8220;default&#8220; text_text_color=&#8220;#000000&#8243; ul_font=&#8220;Cairo||||||||&#8220; ul_text_color=&#8220;#000000&#8243; header_3_font=&#8220;Khand||||||||&#8220; header_3_text_color=&#8220;#000000&#8243;]<\/p>\n<h3>Reparaturen am Motor<\/h3>\n<ul class=\"rte--list\">\n<li>Motor reinigen<\/li>\n<li>\u00d6lstand des Motors pr\u00fcfen und falls erforderlich, das \u00d6l erg\u00e4nzen<\/li>\n<li>\u00d6l und Filter auswechseln<\/li>\n<li>Luftfilter reinigen, ggf. die Patrone erneuern<\/li>\n<li>Kraftstofffilter erneuern<\/li>\n<li>Z\u00fcndkerzen erneuern<\/li>\n<li>K\u00fchlmittelstand pr\u00fcfen und falls erforderlich, das K\u00fchlmittel erg\u00e4nzen<\/li>\n<li>K\u00fchlsystem reinigen und sp\u00fclen<\/li>\n<li>Frostschutzmittel pr\u00fcfen und einf\u00fcllen<\/li>\n<li>Keilriemen ersetzen<\/li>\n<\/ul>\n<h3>Reparaturen am Wechsel-, Zusatz- und Ausgleichsgetriebe<\/h3>\n<ul class=\"rte--list\">\n<li>\u00d6lstand pr\u00fcfen und falls erforderlich, das \u00d6l erg\u00e4nzen<\/li>\n<li>Getriebe\u00f6l wechseln<\/li>\n<\/ul>\n<h3>Reparaturen am Lenkgetriebe<\/h3>\n<ul class=\"rte--list\">\n<li>\u00d6l- und Fl\u00fcssigkeitsstand pr\u00fcfen und falls erforderlich, das \u00d6l und die Getriebefl\u00fcssigkeit erg\u00e4nzen<\/li>\n<\/ul>\n<h3>Reparaturen am Fahrwerk\/Unterboden<\/h3>\n<ul class=\"rte--list\">\n<li>Reinigen, Konservieren, Abschmieren<\/li>\n<\/ul>\n<h3>Reparaturen an der Karosserie<\/h3>\n<ul class=\"rte--list\">\n<li>au\u00dfen und innen reinigen, polieren, konservieren, Chrom pflegen<\/li>\n<li>Scharniere, Schlie\u00dfkeile, Schl\u00f6sser usw. \u00f6len, fetten, abschmieren<\/li>\n<li>einfache kleinere Lackausbesserungen (z. B. mit Spr\u00fchdose)<\/li>\n<li>Windschutzscheibenreparatur<\/li>\n<\/ul>\n<h3>Reparaturen an der Bremsanlage<\/h3>\n<ul class=\"rte--list\">\n<li>Sichtpr\u00fcfung des Bremsfl\u00fcssigkeitsstandes\u00a0an der Bereifung<\/li>\n<li>Zustand pr\u00fcfen (auf \u00e4u\u00dfere Sch\u00e4den, Profiltiefe, Luftdruck) und\u00a0kompletter Reifenwechsel<\/li>\n<\/ul>\n<h3>Reparaturen an der elektrischen Anlage<\/h3>\n<ul class=\"rte--list\">\n<li>Batteriezustand pr\u00fcfen<\/li>\n<li>destilliertes Wasser pr\u00fcfen und ggf. nachf\u00fcllen, Pole reinigen und fetten<\/li>\n<li>Batterie laden<\/li>\n<li>Funktion der Scheinwerfer und Leuchten kontrollieren<\/li>\n<li>Gl\u00fchlampen auswechseln<\/li>\n<li>Kabelanschl\u00fcsse und Sicherungen pr\u00fcfen<\/li>\n<li>Frostschutzmittel der Scheibenwischanlage auff\u00fcllen<\/li>\n<li>Scheibenwischerbl\u00e4tter erneuern<\/li>\n<\/ul>\n<p>[\/et_pb_text][et_pb_text _builder_version=&#8220;4.9.0&#8243; _module_preset=&#8220;default&#8220; header_3_font=&#8220;Khand|600|||||||&#8220; header_3_text_color=&#8220;#000000&#8243; header_3_font_size=&#8220;24px&#8220; width=&#8220;83%&#8220; custom_margin=&#8220;|124px||||&#8220; custom_padding=&#8220;|0px||0px||&#8220;]<\/p>\n<h3 style=\"text-align: left;\">Die Preise variieren je nach Fahrzeugtyp.<\/h3>\n<p>[\/et_pb_text][\/et_pb_column][et_pb_column type=&#8220;1_2&#8243; _builder_version=&#8220;3.25&#8243; custom_padding=&#8220;|||&#8220; custom_padding__hover=&#8220;|||&#8220;][et_pb_image src=&#8220;https:\/\/anasboxenstopp-zw.de\/wp-content\/uploads\/2021\/02\/mechanic-87-1.jpg&#8220; title_text=&#8220;mechanic-87-1&#8243; align=&#8220;center&#8220; _builder_version=&#8220;4.9.0&#8243; _module_preset=&#8220;default&#8220; width=&#8220;82%&#8220; width_tablet=&#8220;&#8220; width_phone=&#8220;100%&#8220; width_last_edited=&#8220;on|phone&#8220; min_height=&#8220;393.5px&#8220; min_height_tablet=&#8220;&#8220; min_height_phone=&#8220;286.9px&#8220; min_height_last_edited=&#8220;on|phone&#8220; custom_margin=&#8220;115px||||false|false&#8220; custom_margin_tablet=&#8220;&#8220; custom_margin_phone=&#8220;69px||||false|false&#8220; custom_margin_last_edited=&#8220;on|phone&#8220; filter_contrast=&#8220;112%&#8220;][\/et_pb_image][\/et_pb_column][\/et_pb_row][\/et_pb_section][et_pb_section fb_built=&#8220;1&#8243; _builder_version=&#8220;4.9.0&#8243; _module_preset=&#8220;default&#8220; background_color=&#8220;#000000&#8243; min_height=&#8220;100.5px&#8220; min_height_tablet=&#8220;&#8220; min_height_phone=&#8220;auto&#8220; min_height_last_edited=&#8220;on|phone&#8220; custom_margin_tablet=&#8220;&#8220; custom_margin_phone=&#8220;0px||0px||false|false&#8220; custom_margin_last_edited=&#8220;on|phone&#8220; custom_padding=&#8220;0px||0px||false|false&#8220; locked=&#8220;off&#8220;][et_pb_row _builder_version=&#8220;4.9.0&#8243; _module_preset=&#8220;default&#8220;][et_pb_column type=&#8220;4_4&#8243; _builder_version=&#8220;4.9.0&#8243; _module_preset=&#8220;default&#8220;][\/et_pb_column][\/et_pb_row][\/et_pb_section][et_pb_section fb_built=&#8220;1&#8243; _builder_version=&#8220;4.9.0&#8243; _module_preset=&#8220;default&#8220; custom_padding=&#8220;||2px||false|false&#8220;][et_pb_row _builder_version=&#8220;4.9.0&#8243; _module_preset=&#8220;default&#8220;][et_pb_column type=&#8220;4_4&#8243; _builder_version=&#8220;4.9.0&#8243; _module_preset=&#8220;default&#8220;][et_pb_text _builder_version=&#8220;4.9.0&#8243; _module_preset=&#8220;default&#8220; text_font=&#8220;Cairo|700|||||||&#8220; text_text_color=&#8220;#000000&#8243; text_font_size=&#8220;40px&#8220; custom_padding=&#8220;14px||||false|false&#8220; custom_padding_tablet=&#8220;&#8220; custom_padding_phone=&#8220;0px||||false|false&#8220; custom_padding_last_edited=&#8220;on|phone&#8220; hover_enabled=&#8220;0&#8243; text_font_size_tablet=&#8220;&#8220; text_font_size_phone=&#8220;27px&#8220; text_font_size_last_edited=&#8220;on|phone&#8220; content_last_edited=&#8220;on|phone&#8220; content_phone=&#8220;<\/p>\n<p style=%22text-align: center;%22>VERKAUF VON KFZ-TEILEN UND AUTOTEILEN<\/p>\n<p>&nbsp;<\/p>\n<p>&#8220; sticky_enabled=&#8220;0&#8243;]<\/p>\n<p style=\"text-align: center;\">VERKAUF VON KFZ-TEILEN UND AUTOTEILEN<\/p>\n<p>&nbsp;<\/p>\n<p>[\/et_pb_text][et_pb_text _builder_version=&#8220;4.9.0&#8243; _module_preset=&#8220;default&#8220; text_text_color=&#8220;#000000&#8243; ul_font=&#8220;Cairo||||||||&#8220; ul_text_color=&#8220;#000000&#8243; header_3_font=&#8220;Cairo||||||||&#8220; header_3_text_color=&#8220;#000000&#8243; header_3_font_size_tablet=&#8220;&#8220; header_3_font_size_phone=&#8220;16px&#8220; header_3_font_size_last_edited=&#8220;on|phone&#8220;]<\/p>\n<h3 style=\"text-align: center;\">Wir bieten eine breite Auswahl an Kfz-Teilen und Autozubeh\u00f6r f\u00fcr niedrige Preise<\/h3>\n<h3 style=\"text-align: center;\">Lassen Sie sich von unserem Fachpersonal telefonisch oder vor Ort beraten.<\/h3>\n<p>&nbsp;<\/p>\n<h3>\u00a0<\/h3>\n<p>[\/et_pb_text][\/et_pb_column][\/et_pb_row][\/et_pb_section][et_pb_section fb_built=&#8220;1&#8243; admin_label=&#8220;Footer&#8220; _builder_version=&#8220;4.9.0&#8243; _module_preset=&#8220;default&#8220; background_color=&#8220;#080b13&#8243; use_background_color_gradient=&#8220;on&#8220; background_color_gradient_start=&#8220;#080b13&#8243; background_color_gradient_end=&#8220;rgba(8,11,19,0.5)&#8220; background_color_gradient_overlays_image=&#8220;on&#8220; background_image=&#8220;https:\/\/anasboxenstopp-zw.de\/wp-content\/uploads\/2021\/02\/pexels-mo-2631489-2-scaled.jpg&#8220; background_position=&#8220;center_left&#8220; custom_padding=&#8220;6vw||6vw||true|false&#8220; locked=&#8220;off&#8220;][et_pb_row column_structure=&#8220;1_3,1_3,1_3&#8243; use_custom_gutter=&#8220;on&#8220; gutter_width=&#8220;1&#8243; make_equal=&#8220;on&#8220; _builder_version=&#8220;4.9.0&#8243; _module_preset=&#8220;default&#8220; use_background_color_gradient=&#8220;on&#8220; background_color_gradient_start=&#8220;rgba(8,11,19,0.55)&#8220; background_color_gradient_end=&#8220;rgba(8,11,19,0)&#8220; background_color_gradient_overlays_image=&#8220;on&#8220; background_image=&#8220;https:\/\/anasboxenstopp-zw.de\/wp-content\/uploads\/2021\/02\/tarot-57.jpg&#8220; custom_padding=&#8220;0px||0px||true|false&#8220; border_width_all=&#8220;1px&#8220; border_color_all=&#8220;rgba(255,255,255,0.08)&#8220;][et_pb_column type=&#8220;1_3&#8243; _builder_version=&#8220;4.9.0&#8243; _module_preset=&#8220;default&#8220; background_color=&#8220;#000000&#8243; custom_padding=&#8220;64px|20px|64px|20px|true|true&#8220; border_color_all=&#8220;rgba(255,255,255,0.08)&#8220; border_width_right=&#8220;1px&#8220;][et_pb_blurb title=&#8220;E-MAIL&#8220; use_icon=&#8220;on&#8220; font_icon=&#8220;%%238%%&#8220; icon_color=&#8220;#FFFFFF&#8220; use_icon_font_size=&#8220;on&#8220; icon_font_size=&#8220;40px&#8220; _builder_version=&#8220;4.9.0&#8243; _module_preset=&#8220;default&#8220; header_font=&#8220;Karla|700||on|||||&#8220; header_text_color=&#8220;#960019&#8243; header_font_size=&#8220;18px&#8220; header_letter_spacing=&#8220;5px&#8220; header_line_height=&#8220;0.9em&#8220; body_font=&#8220;Khand||||||||&#8220; body_font_size=&#8220;20px&#8220; body_letter_spacing=&#8220;1px&#8220; body_line_height=&#8220;1.8em&#8220; text_orientation=&#8220;center&#8220; background_layout=&#8220;dark&#8220;]<\/p>\n<p>anasboxenstopp@gmx.de<\/p>\n<p>[\/et_pb_blurb][\/et_pb_column][et_pb_column type=&#8220;1_3&#8243; _builder_version=&#8220;4.9.0&#8243; _module_preset=&#8220;default&#8220; background_color=&#8220;#000000&#8243; custom_padding=&#8220;64px|20px|64px|20px|true|true&#8220; border_color_all=&#8220;rgba(255,255,255,0.08)&#8220; border_width_right=&#8220;1px&#8220;][et_pb_blurb title=&#8220;Telefonnummer&#8220; use_icon=&#8220;on&#8220; font_icon=&#8220;%%264%%&#8220; icon_color=&#8220;#FFFFFF&#8220; use_icon_font_size=&#8220;on&#8220; icon_font_size=&#8220;40px&#8220; _builder_version=&#8220;4.9.0&#8243; _module_preset=&#8220;default&#8220; header_font=&#8220;Karla|700||on|||||&#8220; header_text_color=&#8220;#960019&#8243; header_font_size=&#8220;18px&#8220; header_letter_spacing=&#8220;4px&#8220; header_line_height=&#8220;0.9em&#8220; body_font=&#8220;Khand||||||||&#8220; body_font_size=&#8220;20px&#8220; body_line_height=&#8220;1.9em&#8220; text_orientation=&#8220;center&#8220; background_layout=&#8220;dark&#8220; locked=&#8220;off&#8220;]<\/p>\n<p>+49 177 6689468<\/p>\n<p>[\/et_pb_blurb][\/et_pb_column][et_pb_column type=&#8220;1_3&#8243; _builder_version=&#8220;4.9.0&#8243; _module_preset=&#8220;default&#8220; background_color=&#8220;#000000&#8243; custom_padding=&#8220;64px|20px|64px|20px|true|true&#8220; border_color_all=&#8220;rgba(255,255,255,0.08)&#8220; border_width_right=&#8220;1px&#8220;][et_pb_social_media_follow use_icon_font_size=&#8220;on&#8220; icon_font_size=&#8220;25px&#8220; _builder_version=&#8220;4.9.0&#8243; _module_preset=&#8220;default&#8220; text_orientation=&#8220;center&#8220; custom_margin_last_edited=&#8220;off|desktop&#8220; custom_padding=&#8220;0px||0px||false|false&#8220; border_color_all=&#8220;#FFFFFF&#8220;][et_pb_social_media_follow_network social_network=&#8220;facebook&#8220; url=&#8220;https:\/\/www.facebook.com\/anasboxenstopp&#8220; _builder_version=&#8220;4.9.0&#8243; _module_preset=&#8220;default&#8220; background_enable_color=&#8220;off&#8220; follow_button=&#8220;off&#8220; url_new_window=&#8220;on&#8220;]facebook[\/et_pb_social_media_follow_network][et_pb_social_media_follow_network social_network=&#8220;instagram&#8220; url=&#8220;https:\/\/www.instagram.com\/anasboxenstopp&#8220; _builder_version=&#8220;4.9.0&#8243; _module_preset=&#8220;default&#8220; background_enable_color=&#8220;off&#8220; follow_button=&#8220;off&#8220; url_new_window=&#8220;on&#8220;]instagram[\/et_pb_social_media_follow_network][\/et_pb_social_media_follow][et_pb_blurb title=&#8220;Social Media&#8220; _builder_version=&#8220;4.9.0&#8243; _module_preset=&#8220;default&#8220; header_font=&#8220;Karla|700||on|||||&#8220; header_text_color=&#8220;#960019&#8243; header_font_size=&#8220;15px&#8220; header_letter_spacing=&#8220;4px&#8220; header_line_height=&#8220;2.7em&#8220; body_font=&#8220;Yeseva One||||||||&#8220; body_text_color=&#8220;#d7e1f3&#8243; body_font_size=&#8220;20px&#8220; text_orientation=&#8220;center&#8220; locked=&#8220;off&#8220;][\/et_pb_blurb][\/et_pb_column][\/et_pb_row][\/et_pb_section]<\/p>\n","protected":false},"excerpt":{"rendered":"<p>[et_pb_section fb_built=&#8220;1&#8243; admin_label=&#8220;Header&#8220; _builder_version=&#8220;4.9.0&#8243; _module_preset=&#8220;default&#8220; background_color=&#8220;#080b13&#8243; use_background_color_gradient=&#8220;on&#8220; background_color_gradient_start=&#8220;rgba(8,11,19,0)&#8220; background_color_gradient_end=&#8220;#080b13&#8243; background_color_gradient_overlays_image=&#8220;on&#8220; background_image=&#8220;https:\/\/anasboxenstopp-zw.de\/wp-content\/uploads\/2021\/02\/da110933ccc97954a2b7b287f944fadc-scaled.jpg&#8220; background_position=&#8220;top_center&#8220; width=&#8220;100%&#8220; custom_padding=&#8220;19vw||19vw||true|false&#8220; filter_brightness=&#8220;116%&#8220; filter_contrast=&#8220;126%&#8220; filter_invert=&#8220;1%&#8220; filter_sepia=&#8220;2%&#8220; locked=&#8220;off&#8220;][et_pb_row _builder_version=&#8220;4.5.1&#8243; _module_preset=&#8220;default&#8220;][et_pb_column type=&#8220;4_4&#8243; _builder_version=&#8220;4.5.1&#8243; _module_preset=&#8220;default&#8220;][et_pb_text _builder_version=&#8220;4.9.0&#8243; header_font=&#8220;Cairo|700|||||||&#8220; header_text_color=&#8220;#ffffff&#8220; header_font_size=&#8220;64px&#8220; header_line_height=&#8220;1.3em&#8220; header_2_font=&#8220;Khand|700||on|||||&#8220; header_2_text_color=&#8220;#960019&#8243; header_2_font_size=&#8220;33px&#8220; header_2_letter_spacing=&#8220;4px&#8220; header_2_line_height=&#8220;1.8em&#8220; text_orientation=&#8220;center&#8220; custom_margin=&#8220;||10px||false|false&#8220; custom_margin_tablet=&#8220;&#8220; custom_margin_phone=&#8220;||9px||false|false&#8220; custom_margin_last_edited=&#8220;on|desktop&#8220; header_font_size_tablet=&#8220;53px&#8220; header_font_size_phone=&#8220;33px&#8220; header_font_size_last_edited=&#8220;on|phone&#8220; header_2_font_size_tablet=&#8220;&#8220; header_2_font_size_phone=&#8220;24px&#8220; header_2_font_size_last_edited=&#8220;on|phone&#8220; border_width_all=&#8220;3px&#8220; border_color_all=&#8220;rgba(255,255,255,0.18)&#8220; border_width_right=&#8220;0px&#8220; border_width_left=&#8220;0px&#8220; locked=&#8220;off&#8220;] WEITERE LEISTUNGEN [\/et_pb_text][\/et_pb_column][\/et_pb_row][\/et_pb_section][et_pb_section fb_built=&#8220;1&#8243; custom_padding_last_edited=&#8220;on|phone&#8220; [&hellip;]<\/p>\n","protected":false},"author":1,"featured_media":0,"parent":0,"menu_order":0,"comment_status":"closed","ping_status":"closed","template":"","meta":{"_et_pb_use_builder":"on","_et_pb_old_content":"","_et_gb_content_width":"","spay_email":""},"_links":{"self":[{"href":"https:\/\/anasboxenstopp-zw.de\/index.php?rest_route=\/wp\/v2\/pages\/440"}],"collection":[{"href":"https:\/\/anasboxenstopp-zw.de\/index.php?rest_route=\/wp\/v2\/pages"}],"about":[{"href":"https:\/\/anasboxenstopp-zw.de\/index.php?rest_route=\/wp\/v2\/types\/page"}],"author":[{"embeddable":true,"href":"https:\/\/anasboxenstopp-zw.de\/index.php?rest_route=\/wp\/v2\/users\/1"}],"replies":[{"embeddable":true,"href":"https:\/\/anasboxenstopp-zw.de\/index.php?rest_route=%2Fwp%2Fv2%2Fcomments&post=440"}],"version-history":[{"count":13,"href":"https:\/\/anasboxenstopp-zw.de\/index.php?rest_route=\/wp\/v2\/pages\/440\/revisions"}],"predecessor-version":[{"id":816,"href":"https:\/\/anasboxenstopp-zw.de\/index.php?rest_route=\/wp\/v2\/pages\/440\/revisions\/816"}],"wp:attachment":[{"href":"https:\/\/anasboxenstopp-zw.de\/index.php?rest_route=%2Fwp%2Fv2%2Fmedia&parent=440"}],"curies":[{"name":"wp","href":"https:\/\/api.w.org\/{rel}","templated":true}]}}